99 composite?
True
Let t(u) = 5*u - 71. Let g be t(14). Let n = 8 - 5. Is (-676)/g + (0 - n) a prime number?
True
Let v = 25362 + -16788. Suppose -v = -6*p + 6444. Is p a prime number?
True
Let q(p) be the third derivative of 3*p**5/4 + p**4/4 - 7*p**3/6 - 6*p**2. Is q(4) a composite number?
True
Suppose -5*x = -11 - 14. Let i(c) = 2*c**2 - 3*c. Let j be i(2). Suppose j*z = -q + x, -4*z + 40 = 5*q + z. Is q composite?
False
Let y be ((-2)/4)/(11/22) - -1. Suppose 0 = -3*n + 3, -2*x + 3*n - 4*n + 1467 = y. Is x a composite number?
False
Suppose 0*p - 18*p + 1167066 = 0. Is p a composite number?
True
Suppose -19 = r - 5*y + 181, 0 = 5*r + y + 1104. Let h be (0 + -3 - r) + 2. Let z = h - -268. Is z a prime number?
True
Let u be 4 + ((-12)/(-1))/(-3). Suppose -4*g - 4*d + 1048 = -5*d, d - 4 = u. Is g composite?
False
Let m = -75 + 178. Suppose 3*z + 59 = -2*t + 8*z, -4*t + 5*z = m. Let q = 41 + t. Is q a composite number?
False
Let t(n) = 76*n**2 + 4*n - 5. Let v = 30 - 28. Is t(v) a composite number?
False
Suppose -5*w + 821 = 3*r - 398, w = -5*r + 2017. Is r composite?
True
Let q = -12 - -19. Suppose -3*l = -3*w + 453, -146 = -w + 2*l + q. Is w a composite number?
False
Suppose 3*w - q = 7, 3*w = -q + 1 + 4. Let v(z) = -103*z + w + 1 - 7. Is v(-3) composite?
True
Let b(r) be the first derivative of 210*r**3 - r**2 + r - 8. Is b(1) composite?
True
Let k = 1452 - 865. Is k a composite number?
False
Suppose 0 = 3*f + 4*g + 5, 11 = 2*f + f - 4*g. Let q(a) = 1067*a + 2. Is q(f) composite?
False
Let m(t) = -139*t + 4. Let i be m(-9). Suppose 0 = -57*b + 52*b + i. Is b composite?
False
Let h = -3685 + 11736. Is h a prime number?
False
Let i(n) = -n**3 - 23*n + 5. Let m = -141 - -130. Is i(m) a prime number?
False
Suppose -825 = -3*b + a + a, -2*b + 551 = -a. Suppose -5*c - 4*d = -b - 3444, -3*c - 2*d + 2233 = 0. Is c a composite number?
True
Suppose 2*p - z = -2*z + 208, -p + 104 = -3*z. Suppose -p = -g - 7. Is g a prime number?
True
Suppose 54*z - 43356 = 22902. Is z composite?
True
Let z = 316 + -125. Is z a composite number?
False
Let y(u) be the first derivative of 113*u**2/2 + 11*u - 9. Suppose -3*o + 5*z + 23 = 0, -o - 3*z = -0*z - 3. Is y(o) a prime number?
False
Suppose 4*l - 21544 = 4*r, -29*r + 15 = -32*r. Is l a prime number?
True
Suppose n - 2935 = -2*f, 0 = 5*n - 6*n + f + 2923. Is n a prime number?
True
Suppose h + 28370 = 4*r - 10245, -2*r + 19315 = h. Is r prime?
False
Let k(s) = 11678*s**3 - 3*s**2 + 3*s - 1. Is k(1) a prime number?
True
Suppose -4*c = -8 - 0. Let v(z) = 2*z + 2 - 179*z**2 + 2350*z**2 + 398*z**c. Is v(-1) a composite number?
True
Let f be (-2)/(-4)*-6 + 8. Suppose -f*i + 3*a - a + 1857 = 0, -2*i = a - 750. Is i a prime number?
True
Suppose 3*x = -4*v + 96, -3*x + 5 = -7. Let i = v + -17. Is (-1695)/(-6)*i/5 a composite number?
True
Let x be (-4)/(-2 - 0 - -1). Suppose -x*g = -8, -u + g + 631 = -385. Suppose 2*c = d - 2*d + 509, 2*d - u = -3*c. Is d prime?
True
Suppose -2*a = -20 + 54. Let s be ((-1)/3)/((-26)/(-4212)). Let p = a - s. Is p a prime number?
True
Let u be (5/(-10))/((-1)/2). Let g be 3*(u/3 + -1). Is -322*-3*g/(-12) a prime number?
False
Let l be 45/(-36) + (-3)/4. Let f be 6/((-2)/(-92)*l). Is (93/9)/((-2)/f) a composite number?
True
Is (-6)/(-4) + 10 + 77148/24 composite?
True
Suppose 2*d + 6 = -d - 4*q, 4*q = -12. Suppose -5*j = d*z + 8 + 52, -3*j - 106 = 4*z. Let s = z - -131. Is s composite?
True
Suppose 5*l = -3*g - 8296 + 46793, -g + 12847 = -2*l. Is g composite?
True
Let o = 91 - 64. Suppose a - o = 10. Is a prime?
True
Let h = 783 - 218. Let g = h + -154. Is g composite?
True
Suppose -2*c - 5*s + 15 = 0, s + 0*s = -5*c + 49. Suppose 0 = 2*m + 4*h - c, 3*m + 3*h - 2*h = 0. Is m/4*(-5 + -1239) a prime number?
True
Suppose -7*j = -11*j - 20. Let w(t) = t**2 + 5*t - 12. Let c be w(j). Is 4/(-16) - 999/c a prime number?
True
Let h(t) = -11*t**3 - 17*t**2 + 4*t + 9. Let s(m) = -5*m**3 - 9*m**2 + 2*m + 5. Let u(d) = -6*h(d) + 11*s(d). Let i be (-1*1)/(2/(-6)). Is u(i) composite?
True
Suppose -3*y - 11 = -2. Let j be (y/6)/((-3)/6). Is (j + 0)/(3/9) a composite number?
False
Let g(i) = 6*i**3 - 4*i**2 - 8*i - 1. Let y be g(-6). Let d = -779 - y. Is d composite?
True
Let a(h) = -2*h**3 - 5*h**2 - 3*h + 9. Suppose 1 = -3*f - 14. Is a(f) a composite number?
False
Suppose 2*c + 47 = 37. Is 4 - (2 - 1188) - c a composite number?
True
Let v = -113269 + 162932. Is v prime?
True
Let t(h) = 2*h**3 + h**2 + h + 5. Let w = -25 - -29. Suppose w*a - a = 18. Is t(a) prime?
True
Let a be ((-2)/(-2))/(-3) - (-2590)/(-15). Let q = a + 242. Is q a prime number?
False
Let d(g) = -8*g + 90*g**2 + 45 + g**3 - 87*g**2 + 2*g. Is d(10) composite?
True
Is (6*4/(-40))/(13/(-96265)) prime?
False
Let s = 30401 - -15042. Is s composite?
True
Let i(z) = z**3 - 9*z**2 - 9*z - 7. Let b be i(10). Suppose 0 = -5*d - g - g + 9175, -5505 = -b*d + g. Is d a composite number?
True
Suppose 2*x = 3*j + 24209, 5*x + 4*j - 30762 = 29703. Is x prime?
True
Suppose 2*u = b + u - 6, 0 = b - 4*u - 9. Suppose -l = -b*j + 699, 4*j + 0*l - 560 = l. Is j prime?
True
Let k = 4846 - 2213. Is k prime?
True
Let i = -553 + 783. Suppose -v = 3*o - 109 - 6, 2*o + i = 2*v. Is v composite?
True
Suppose -5803 - 10882 = -5*h. Is h prime?
False
Let g(f) = -63*f + 52. Is g(-19) prime?
True
Suppose 26*v = 23*v + 16557. Is v composite?
False
Let v = 23 + -18. Suppose -2*q - 237 = -v*q. Is q composite?
False
Let n(l) = -45*l**3 - 8*l**2 - 20*l - 134. Is n(-7) prime?
False
Let i(p) = 8*p**3 + 8*p**2 - 5*p - 12. Is i(11) a composite number?
False
Suppose 11*f = 10 + 34. Suppose o - 2632 = -5*z, -f = 2*z + 6. Is o a prime number?
True
Let b = -47 + 14. Is -10*1*b/6 prime?
False
Suppose -8*a + 16*a - 40592 = 0. Suppose 3*r - 19147 = -a. Is r composite?
False
Suppose 0 = -18*b + 23*b - 2010. Suppose -2*v + b = -100. Is v a prime number?
True
Let s = 5933 + 9678. Is s a prime number?
False
Suppose -615 = 6*j - 2985. Is (-1)/(1184/j - 3) composite?
True
Let o(w) be the second derivative of -11*w**5/20 + w**4/4 - 3*w**3/2 + 6*w**2 + 12*w. Is o(-5) prime?
False
Let g(o) = -47*o - 1. Let x be g(-1). Suppose -x = 6*t - 1384. Is t prime?
True
Suppose 5*l = j - 1, 0 = 4*j - 7*l + 2*l - 4. Is (-1)/((-630)/(-631) - j) a prime number?
True
Let j = -16837 - -105384. Is j composite?
False
Suppose -k + 338 = -3*a, 4*k - 4*a - 1187 = 189. Is k*(4 + -2 + -1) a prime number?
True
Suppose 4*p + 2*c = 976, -2*p = 4*c - 428 - 54. Let l = 76 + -30. Let f = p - l. Is f prime?
True
Suppose 0 = -56*t + 51*t + 8195. Is t a prime number?
False
Let j be 2/(-3) - (2 + (-20476)/6). Let p = -2011 + j. Is p a prime number?
True
Suppose -4*i + 13 = -51. Let t be -1 + i/4 - 55. Is t/(-2) - (6 - 6) composite?
True
Is ((-786)/(-12))/((-1)/(-118)) a composite number?
True
Is 687*13 + -9 + 42/6 composite?
False
Suppose -951*i + 942*i = -18909. Is i a prime number?
False
Let m(u) = -u**3 + 4*u**2 + 13*u - 55. Is m(-18) prime?
False
Let s(f) = -2*f**3 - 5*f**2 - 4*f + 1. Let u be s(-2). Suppose -u*x + 7402 = -o, x - 4*o + 3*o = 1478. Is x a composite number?
False
Let s(x) = 433*x**2 - 3*x + 3. Let p(q) = -866*q**2 + 5*q - 6. Let t(c) = 2*p(c) + 5*s(c). Is t(1) a prime number?
True
Is (-7)/(56/(-149896)) - -6 composite?
False
Let o(l) = -l**3 - l**2 - 4. Let p be o(-3). Let z be (-6)/15 + p/10. Is z + -5 + 2 - -79 a composite number?
True
Suppose -3*o + 2*o = 2*f - 219, 2*o = 2*f + 456. Let g = 760 - o. Is g composite?
True
Let v be (-1 + 200)/(3 + (-16)/4). Let k = 58 - v. Is k composite?
False
Suppose 86 = 5*o + 76. Suppose n = -o*v + 1376, n + 0*n - 1397 = 5*v. Is n a composite number?
True
Is 28/20 + -1 + (-7524)/(-15) a composite number?
True
Let o(s) = s - 5. Let j be o(9). Let a(z) = 19*z**3 + 3*z**2 + z + 6. Let d be a(j). Suppose 2*h - d = -160. Is h a composite number?
False
Let s = 8 - 5. Suppose 5*h - s*h = -66. Is 6/h - 4646/(-22) a prime number?
True
Let b = 9179 - 5496. Is b a prime number?
False
Suppose w - 5 = h, -2*h = -0*w - w + 5. Is (w - 3) + 29 + 0 composite?
False
Let s = 34123 - 23810. Is s prime?
True
Suppose 4 + 12 = 2*s. Suppose -s*h - 2*h = -1190. Is h prime?
False
Suppose z = -0*z + 5729. Is z prime?
False
Let j = 2129 + 9668. Is j a composite number?
True
Let d = -3 - -6. Suppose